+ 2 + (-602 - -132) + 424?
-57
What is -288 - -407 - (-4 + (-18 - -3)) - (5 + 0)?
133
15 - (-4 + -113 + 80)
52
What is (84 - (70 + 173)) + 209?
50
What is the value of (-73 - -77) + -34 - 21?
-51
What is the value of -125 + -5 + 396 + -162?
104
-32 + -118 + 108 - (-38 + 1)
-5
What is -69 - (16 - (44 - 16))?
-57
What is the value of (22 - -26 - 7) + (79 - -1)?
121
What is the value of (2 - -4) + 461 + -513?
-46
What is 8 - (-271 - -258 - (-83 + 0)) - -9?
-53
Evaluate -63 - (-68 - 71) - 31.
45
Evaluate -1 + 3 - 11 - (-28 + (-17 - (-11 + -6))).
19
What is the value of 1 + -41 + 66 + -50?
-24
Evaluate -92 + (-103 + 105 - (1 + -29)).
-62
Evaluate (-55 - -17) + 84 - 34.
12
(21 - (-3 - 0)) + (-5767 - -5754)
11
What is (-2 + (1 - 4) - 10) + (-182 - -166)?
-31
What is (45 - (10 + 47)) + 153 - 29?
112
What is -15 + (10 + 7 + -31 - -4)?
-25
45 + 19 - -25 - 39
50
What is the value of -6 + (35 - 40 - (3 - -11))?
-25
What is the value of 7 - (-33 - (11 + -30)) - 39?
-18
What is the value of (31 - (-45 - -25)) + -26?
25
4 + 14 + -11 + -5 - -33
35
What is the value of 12 + ((-5 - -3 - -2) + -4 - 0)?
8
What is the value of -100 - (15 + -20 + 4 + -11 - 3)?
-85
What is 22 + 8 + -15 - (2 + 55)?
-42
1 + -42 + 25 + -51 + 47 + -17
-37
(-5 - (2 + 0)) + (-8 - 4 - -16 - 4)
-7
What is 97 + (15 - 98) + -43?
-29
What is 219 + -14 + 18 + -134?
89
What is the value of (128 - 0) + (15748 - 15767)?
109
What is the value of (41 - (23 - -18)) + 4 + 7 + -7?
4
Evaluate (78 - 208) + (39 - (-7 - -9)).
-93
-21 - (-20 - 43) - 4
38
(-8 - -17 - (45 + -4)) + 0 + 13
-19
4 + -53 + -497 + 572
26
Calculate (-2 + 8 - (-14 + 14 + 16)) + -35 + -4.
-49
Evaluate -73 + (11 - (-12 + (9 - 12))).
-47
What is the value of 7 + 2 + -2 - (-1809 - -1738)?
78
Evaluate 10 + 9 + 12 + -9 + -15 - -15.
22
What is the value of 48 + 112 - (6 + 11) - 29?
114
Evaluate (7 - (23 + -6)) + -6 + 11.
-5
Evaluate 5 + (-140 - -15 - -79).
-41
What is the value of 30 - (-8 - -25) - (-8 - -11)?
10
What is -2 - (4 - 3 - (2 - 12 - -51))?
38
What is 91 + (-7 - (-73 - -46)) + -56?
55
(-59 - (-19 - -20)) + (20 - (1 + 6))
-47
30 + 7 + (-224 - -162) + (1 - 19)
-43
Calculate (34 - ((1 - 15) + (36 - 34))) + -12.
34
What is the value of (3 - 1 - 19) + (-126 - (97 + -201))?
-39
What is the value of (-104 + 81 + -35 - (1 - 4)) + (-16 - -2)?
-69
What is the value of (20 - -39) + -14 + -14 + -26?
5
32 + -7 - (-78 + 20 + 38)
45
(-16 + -3 - (-11 + (28 - 22))) + 4
-10
What is (7 + 1 + -14 - 13) + 80?
61
What is (14 + 0 - (91 - 68)) + (-1 - -4) + -44?
-50
180 - 86 - ((-10 - -17 - 6) + 2 + -11)
102
What is -68 + (-52 - (-45 + -57))?
-18
Calculate 15 - (-4 + (0 + -3 - (-89 + 96))).
29
Evaluate -12 + (-15 - (-24 - 1)) + (-19 + -9 - -12).
-18
What is 10 - -2 - ((-4 + (-7 - -19) - 6) + -39)?
49
What is 21 - 33 - -27 - (-5 + -2)?
22
-8 + (-18 - (0 - 110)) + 8
92
What is -36 + (-42 - (30 + -77))?
-31
Calculate 45 - -21 - (17 + 16).
33
What is the value of 40 - (-13 - -39) - -10 - 22?
2
Evaluate 52 - (-11 + (-3 + (-4 - -15) - 1)).
56
What is 3028 + -3053 - (0 + -22)?
-3
Calculate -56 + 45 + (13 + 0 + 1 - -4) - -32.
39
What is the value of (7 - (-2 + 5)) + (-1 + -2 - (110 - 100))?
-9
Evaluate 57 + ((-9 - -20) + 0 - (-2 + (-4 - -7))).
67
What is -62 + (-153 - -130) + 175?
90
-42 + -92 - -77 - -78
21
What is the value of 15 + -11 + 10 + 13 + 7?
34
What is 226 - 233 - (-6 + -9 + 4)?
4
Evaluate 12 + -14 - (-4 - -35 - -20).
-53
What is the value of 14 + -10 + 102 + -105?
1
Evaluate (0 - -6) + -53 + 46 - (6 - 21) - 5.
9
What is 119 - 130 - (-9 + 5 - 125)?
118
-1 + 76 + (-16 - -10 - (-2 - (-10 - -5)))
66
What is 41 + 38 + -1 + (3 - -37)?
118
What is 7 + (24 - (-18 - -2)) + 9 + 3 + -14?
45
What is -157 - -152 - (-5 + 0 - (37 - -4))?
41
What is the value of 4 + 26 + -49 - 20?
-39
34 + (-41 - (71 + -55))
-23
Calculate (3 - 14) + 1 - (76 - 90).
4
46 - (-20 + 39 - (-7 + 6))
26
What is the value of -71 - (117 + (-8 - 31))?
-149
Evaluate 6 - (-6 + 62 - (3 + (-25 - -11) - -16)).
-45
What is 17 - (57 + -20 + 30)?
-50
What is the value of (-1 - 85) + (16882 - 16797)?
-1
9 + (33 - 74) - -69
37
What is the value of 5336 + -5290 + (1 - 2) + (-2 - -13)?
56
Calculate (9 - 9) + (4 - (-21 - 5)) - 10.
20
-46 + (64 - 52) - (-12 - -7)
-29
Calculate (34 - 3) + (-244 - -229) + 25.
41
-26 - (-29 + -19 + -17 + -4)
43
What is -45 + -7 - (2 - -20 - 14)?
-60
Calculate -2 - (-11 - -6) - (-67 + (15 - -21)).
34
Calculate -17 + (-8 - (-18 + 12 - 5)) + -45.
-59
Calculate (-30 - 3) + 14 + 17 + 11 + -20.
-11
What is (-282 - -205) + (-11 - -2) - -33?
-53
What is the value of -89 - -46 - -36 - (0 - (0 + 14)) - -37?
44
0 + -146 + (747 - 702)
-101
Evaluate -25 - (7 + 30 + -46 + 21).
-37
What is (-3 + 0 - -36) + -143?
-110
What is the value of -346 - -339 - (-18 - 2 - -1)?
12
What is the value of -1 - -16 - (4 + 41 - 71 - -122)?
-81
What is -57 - (-98 - -61) - -43?
23
What is (-2 - -38) + (-9 - 8) + 32 + -28?
23
Evaluate (-1 + 49 - 31 - 19) + (-104 - -1).
-105
Calculate 24 + -7 + -19 - (-15 + 31).
-18
2 + -2 + 2 + (62 - 33)
31
What is the value of ((14 - 18) + (6 - 8) + -6 - -2) + -2?
-12
Evaluate 116 + (-35 - 22 - 123).
-64
What is the value of 3 - (23 - -3) - 0 - (141 - 150)?
-14
19 + (-15 - -31) + -17 - 35
-17
Calculate (-109 - (-69 + 1)) + 34.
-7
What is the value of (14 - (-6 - -3 - -5)) + 1374 + -1366?
20
5 + (-15 - 1) + (-34 + (31 - 65) - -6)
-73
Calculate 2 + 2 - (18 - (-3 - (22 + -14))).
-25
What is the value of 5 - (66 - ((3 - 17) + 17))?
-58
Calculate 87 + 23 + -35 - 117.
-42
Calculate -58 + 53 + (13 - (-2 + -80)).
90
Calculate 876 + -956 - (9 + (-3 - 7)).
-79
Evaluate 80 + (-34 - -20) + 9 + (-5 - 2).
68
-34 + 12 - -36 - (0 - (2 + -73))
-57
What is the value of (4 - 6 - -2) + -46 + -5 + 10 + -2?
-43
What is the value of 8 + -8 + 20 + -102 + 11 + 1?
-70
What is the value of (-5 - -4 - (-11 + -4)) + -788 + 717?
-57
Evaluate 42 + 27 + -46 + -40 - -29.
12
Evaluate (13 - -2) + (-1 - (29 + -40) - 23).
2
Calculate (1 - -11 - (6 + -23 + 7 + 12)) + 70.
80
Evaluate 40 + -2 - (-31 + 37 - 18).
50
Calculate 11 - (-52 - -23) - 14.
26
What is the value of -38 - (-15 + (16 - -27) + -3)?
-63
Evaluate -2 + 1 + (-24 - (-166 + 148)) - (100 + -1).
-106
Calculate (15 - 1) + -106 + 122 + 7.
37
(-7 - (6 - (8 - (1 - 2)))) + 13 + -77
-68
What is the value of -39 + (3 - 1 - (-22 + (0 - -9) - -22))?
-46
What is the value of 123 - 50 - 23 - 24?
26
Evaluate 88 + 8 + (-101 - -86).
81
Evaluate 39 + (-36 - -5 - 55).
-47
15 + 1 + (-52 - -61) + 50
75
Evaluate 0 + 7 + 0 - (-29 - (-48 + -42)).
-54
What is the value of -60 - (-4 - -1) - (198 + -210) - 11?
-56
(0 - 3 - (-16 - -4)) + (34 - 97) + 49
-5
Evaluate (131 + -164 - -48) + -1 + -51.
-37
Evaluate 13 + -43 + 6 + 17 + -60 + 23.
-44
Evaluate -16 - ((47 - 28) + -1 + 2).
-36
What is (-12 - (27 - 63) - 33) + -5?
-14
67 + (10 + (-43 - -18) - -38)
90
(-4 - 42) + (17 + 17 - (15 + 16))
-43
13 - ((2 + -11 - (19 + -36 + 18)) + -31)
54
Evaluate (239 - (-99 - -181)) + -56.
101
Calculate -20 - (-8 - ((10 - (52 + -20)) + -42)).
-76
What is the value of (-36 - -50) + -21 - -18 - -45?
56
What is the value of 12 + (-39 - -18) - (-50 - -24)?
17
What is the value of (-2 - -124) + (-25 - (-27 + 19)) + 28 + -10?
123
-8 - -30 - (22 + 33 - -26)
-59
Evaluate -16 + -1 + -2 + 56 - (4 + 2).
31
Calculate (-155 - -72) + 28 + 30.
-25
What is (1 - 1) + -2 + ((-112 - -57) + 24 - -9)?
-24
Calculate -59 - (-1 - 76 - -2).
16
What is (-5 + 6 - -38) + 37 + (-28 - -4)?
52
What is -2 + 8 + 3 - (-19 + 21 - -3)?
4
(54 - -1) + (4240 - 4251)
44
What is the value of -4 + 1 + 5 + (-25 - -2 - 0) + -1?
-22
(-4 + 15 - (25 - 17)) + -43
-40
What is the value of -31 - ((28 - 14) + -2 - 111)?
68
What is -18 + -17 + 20 + 3 - 23?
-35
Evaluate -29 - -1 - (277 + -326).
21
What is the value of (1 - 62) + 5032 + -5065?
-94
-31 + (-20 - -66) + (-71 - 4)
-60
Calculate -2 + (55 - -2 - (9 + -18)) + 19 + -14.
69
-1 + -34 + (2 - 14) + -88 + 100 - 10
-45
15 + -15 - (-7 - (2 - (-9 + 5)))
13
Evaluate 27 - ((-4 - (-14 + 18 + -6)) + -10).
39
-1186 - -1228 - (1 - -5)
36
What is the value of -31 + 6 + (-6 - -9) - (-15 + 17 - 11)?
-13
Evaluate -86 + (-18 - -60) + 30.
-14
What is -2 - ((-19 - (34 + -50)) + (18 - -1))?
-18
Calculate -13 + -3 + (-12 - (22 + -7)).
-43
Calculate 39 - (-45 + 64 + 57).
-37
What is the value of 12 + -140 - (-1